
48925a5
In base 13, what is 33 - cca773?
-cca740
In base 14, what is 4b0364 + -4?
4b0360
In base 8, what is -146 - -7430000?
7427632
In base 9, what is 3 + 37673657?
37673661
In base 10, what is 235 + -3794?
-3559
In base 13, what is 38767bc4 + 4?
38767bc8
In base 16, what is 10 + 115cc2?
115cd2
In base 2, what is -1100100110100011 + 110001010111?
-1011110101001100
In base 2, what is -110011 + -100011011111111101?
-100011100000110000
In base 12, what is a - 19345807?
-193457b9
In base 12, what is -10 + -4052?
-4062
In base 10, what is 36727295 + 5?
36727300
In base 10, what is 1924 + 287562?
289486
In base 13, what is -1990 - -959?
-1034
In base 6, what is -1334 + -30220224?
-30222002
In base 10, what is 57995 + -1?
57994
In base 6, what is 1 + 3550105424?
3550105425
In base 5, what is -243111 - -3421?
-234140
In base 6, what is 205 + -2433403?
-2433154
In base 3, what is -12201 + -121001212202?
-121002002110
In base 14, what is 1214c60 - -5?
1214c65
In base 14, what is 1481 - -27c49?
292ca
In base 9, what is 380 + -2326753?
-2326363
In base 14, what is 10b + -8a10?
-8903
In base 7, what is 103644 + 44?
104021
In base 4, what is 3203123 - 2033011?
1110112
In base 2, what is -1001100110010000110 + 10100?
-1001100110001110010
In base 5, what is -1232000 - -2213412?
431412
In base 12, what is -392b3260 - -5?
-392b3257
In base 6, what is -3125320201 - -2?
-3125320155
In base 7, what is -55163244 - 1?
-55163245
In base 14, what is 2400403 + 0?
2400403
In base 2, what is -110110100111010000 - -10111?
-110110100110111001
In base 6, what is -1 - 332533045?
-332533050
In base 10, what is 7791 + -66940?
-59149
In base 5, what is -104201 - 1441?
-111142
In base 13, what is -ba9bb - 2a?
-baa18
In base 6, what is 15 - 2100302042?
-2100302023
In base 12, what is -4 + 215bb92?
215bb8a
In base 5, what is 411102311 + -2?
411102304
In base 7, what is -5134040042 + -4?
-5134040046
In base 10, what is -8438838 - 5?
-8438843
In base 15, what is ee83 + a6?
10039
In base 7, what is 5 - -303414655?
303414663
In base 10, what is -1066738 + -13?
-1066751
In base 8, what is 15023 - -4002?
21025
In base 2, what is 100011 - -100011110111110110?
100011111000011001
In base 15, what is 9bad + -2404?
77a9
In base 14, what is 25 - 462a2b?
-462a06
In base 15, what is -158 - 3848b?
-385e4
In base 14, what is 1564d - 2804?
12c49
In base 4, what is 302032 - 23100?
212332
In base 7, what is 52341 + -43?
52265
In base 8, what is -50047304 - 2?
-50047306
In base 13, what is 4aa105 - 0?
4aa105
In base 2, what is 111000101101100010001 - -111?
111000101101100011000
In base 3, what is 2202010 + 1100200?
11002210
In base 15, what is -7 - -be3cad4?
be3cacc
In base 6, what is -1213335414 + 5?
-1213335405
In base 9, what is 2 + 3315554?
3315556
In base 5, what is 3002124 - -2230?
3004404
In base 15, what is -7 + -1852c7ed?
-1852c805
In base 6, what is -325 + 205?
-120
In base 3, what is -1111102212 + 210201211?
-200201001
In base 10, what is 966 + -1991?
-1025
In base 3, what is 11120010 - 11002201?
110102
In base 5, what is 20 + -10310403?
-10310333
In base 13, what is -5 + 24935324?
2493531c
In base 2, what is 10 + 110011101100000100111000001?
110011101100000100111000011
In base 13, what is 1 + -9747b6?
-9747b5
In base 10, what is 466 + -8442?
-7976
In base 8, what is 14 + -134264364?
-134264350
In base 4, what is -1033022233 + 23?
-1033022210
In base 16, what is 2 + bc4626?
bc4628
In base 3, what is -22102022021002101 - 0?
-22102022021002101
In base 8, what is 56 - -40537?
40615
In base 13, what is -10a7c + -100?
-10b7c
In base 14, what is 14d664 - -1?
14d665
In base 16, what is -b - -1e0326?
1e031b
In base 3, what is -100 - -10020221022020?
10020221021220
In base 12, what is -360ba291 - 6?
-360ba297
In base 6, what is 1341 - -155104?
200445
In base 11, what is 2 + -55543a?
-555438
In base 12, what is 138339 + -2?
138337
In base 2, what is -11110010011011001100010 - 110000?
-11110010011011010010010
In base 15, what is ec8 + e8?
10c1
In base 2, what is -11001011111101 - -100100111110010?
1011011110101
In base 16, what is d4ba8b + -4?
d4ba87
In base 7, what is -34400563 - -25?
-34400535
In base 11, what is 2a708 + -22?
2a696
In base 8, what is -645 - -27715?
27050
In base 9, what is -8644 - -2060?
-6574
In base 2, what is -1111110100011 - 1101101000101?
-11101011101000
In base 5, what is 0 + 104101314113?
104101314113
In base 7, what is 40 - -1035354653?
1035355023
In base 2, what is 10011100 - 10011010100110?
-10011000001010
In base 13, what is 289 - 2ccc5?
-2ca39
In base 15, what is -51 - bc55c4?
-bc5625
In base 14, what is -132b3d3 + 48?
-132b389
In base 7, what is 42600 + 361?
43261
In base 14, what is 140b27 + d?
140b36
In base 9, what is 38601010 + 1?
38601011
In base 16, what is 246 + 15b2?
17f8
In base 10, what is 27213129 + 0?
27213129
In base 6, what is 100154 + 204?
100402
In base 9, what is -233476 - 45?
-233532
In base 12, what is -190a5 - 125?
-1920a
In base 16, what is -68aa + 13e?
-676c
In base 10, what is 0 - -9580270?
9580270
In base 11, what is 1 + -70447a?
-704479
In base 3, what is 22 + 1112120020101001?
1112120020101100
In base 14, what is 2349bd - 1c3?
2347da
In base 2, what is 100001011011 + -1000000101011?
-11111010000
In base 4, what is 230230131200 - -230?
230230132030
In base 10, what is -1218181 + 3?
-1218178
In base 2, what is 1 + -10011001010110111010011010111?
-10011001010110111010011010110
In base 4, what is -133033133303 + -2?
-133033133311
In base 8, what is 26 - 15507645?
-15507617
In base 3, what is 110200202022 - 1100201?
110122101121
In base 4, what is 1333311 - 23002?
1310303
In base 2, what is -1100010010110 + 11001111010111111?
11000011000101001
In base 4, what is 200002112331 + -121?
200002112210
In base 8, what is 1744 + 540375?
542341
In base 12, what is 0 - -18442bb4?
18442bb4
In base 4, what is -11131 + 20013331?
20002200
In base 9, what is -2126 + 176?
-1840
In base 11, what is 567248 + 5?
567252
In base 14, what is 34bb + 67c5?
9ca2
In base 4, what is 2123331 + -1031?
2122300
In base 14, what is 27d60b40 + 5?
27d60b45
In base 6, what is 234304040 + -14?
234304022
In base 10, what is -274343 + 57?
-274286
In base 9, what is 5816668 - 26?
5816642
In base 3, what is 10 + 2221210001222002?
2221210001222012
In base 12, what is 247 - -b5a245?
b5a490
In base 12, what is 11 - 1362646?
-1362635
In base 8, what is -1 - -1052102406?
1052102405
In base 6, what is 121454141341 - 2?
121454141335
In base 13, what is -715 - 14c5?
-1c0a
In base 2, what is -1001110010 + 10100101001?
1010110111
In base 11, what is 1047400a - -2?
10474011
In base 4, what is 232 - 103133301?
-103133003
In base 10, what is 91 - -277663?
277754
In base 8, what is 216222 + -1531?
214471
In base 3, what is 222021 - 201212202002?
-201211202211
In base 6, what is 232551454150 - 4?
232551454142
In base 12, what is -2057 - -4043?
1ba8
In base 4, what is -3110 - -2022020300?
2022011130
In base 16, what is -3f03 - 213?
-4116
In base 10, what is 6773573 + -7?
6773566
In base 15, what is -1 - 2c38a6?
-2c38a7
In base 9, what is -251585 + 55?
-251530
In base 14, what is -1a + 161157?
16113b
In base 2, what is 1110101000011100111010101 + -11?
1110101000011100111010010
In base 2, what is -1010101 + -110001011100100010010?
-110001011100101100111
In base 6, what is 4 - 2314143444?
-2314143440
In base 2, what is 1101111100001001011 - -10000?
1101111100001011011
In base 12, what is 12433a + 78?
1243b6
In base 11, what is 4 + -96818408?
-96818404
In base 3, what is 11 + -1121100021111102?
-1121100021111021
In base 6, what is 525053 + 44?
525141
In base 10, what is 180 + -3196?
-3016
In base 12, what is -1611 + 4b0?
-1121
In base 9, what is 1858668 - 6?
1858662
In base 15, what is 4 + -56d055?
-56d051
In base 6, what is 1321 + -4443300?
-4441535
In base 8, what is -4500145225 - -1?
-4500145224
In base 2, what is -1100000000101101011111111 - -1100?
-1100000000101101011110011
In base 10, what is 237966 + 745?
238711
In base 11, what is -53019 + 3290?
-4a839
In base 9, what is -5768 + 58671?
52802
In base 11, what is -13901 - -432?
-1347a
In base 2, what is -1010011100010101100110101001 - -10?
-1010011100010101100110100111
In base 7, what is -1134133422 + 0?
-1134133422
In base 13, what is -1a + -3